is the greatest common factor of 318 and 530?
106
What is the greatest common factor of 56 and 680?
8
Calculate the highest common factor of 26 and 533.
13
What is the highest common divisor of 2670 and 30?
30
What is the highest common factor of 60 and 588?
12
What is the highest common factor of 12 and 1644?
12
What is the highest common divisor of 104 and 13?
13
Calculate the highest common divisor of 13357 and 37.
37
What is the greatest common factor of 232 and 58?
58
What is the greatest common divisor of 224 and 10024?
56
What is the highest common factor of 18 and 72?
18
What is the greatest common factor of 2896 and 16?
16
What is the greatest common factor of 1230 and 6?
6
What is the greatest common divisor of 74 and 2775?
37
What is the highest common factor of 159 and 20193?
159
Calculate the greatest common divisor of 5975 and 25.
25
Calculate the highest common divisor of 19 and 703.
19
Calculate the highest common divisor of 114 and 608.
38
What is the greatest common divisor of 38 and 7?
1
What is the greatest common factor of 468 and 6292?
52
What is the greatest common divisor of 408 and 340?
68
Calculate the highest common divisor of 40788 and 36.
36
What is the highest common divisor of 30 and 42?
6
Calculate the highest common divisor of 120 and 138.
6
Calculate the highest common factor of 24 and 558.
6
What is the greatest common factor of 1254 and 99?
33
Calculate the greatest common factor of 48 and 128.
16
Calculate the highest common divisor of 576 and 32.
32
What is the greatest common divisor of 70 and 1260?
70
Calculate the highest common divisor of 8 and 11.
1
What is the greatest common factor of 58 and 1?
1
What is the greatest common factor of 264 and 3024?
24
Calculate the greatest common factor of 10 and 49.
1
Calculate the highest common factor of 8 and 5832.
8
What is the highest common divisor of 12 and 228?
12
Calculate the greatest common divisor of 1746 and 288.
18
Calculate the greatest common factor of 1728 and 27.
27
What is the highest common divisor of 54 and 342?
18
Calculate the greatest common factor of 66 and 407.
11
Calculate the highest common divisor of 609 and 174.
87
Calculate the greatest common factor of 34 and 6154.
34
Calculate the highest common factor of 496 and 32.
16
What is the highest common divisor of 105 and 14?
7
What is the greatest common divisor of 5247 and 66?
33
Calculate the highest common factor of 5833 and 614.
307
Calculate the highest common factor of 448 and 728.
56
Calculate the highest common factor of 169 and 52.
13
Calculate the highest common divisor of 161 and 168.
7
What is the greatest common divisor of 874 and 69?
23
What is the greatest common factor of 2054 and 52?
26
Calculate the greatest common divisor of 5 and 1195.
5
Calculate the highest common factor of 198 and 18.
18
What is the greatest common divisor of 42 and 282?
6
Calculate the highest common divisor of 12726 and 126.
126
Calculate the highest common divisor of 65 and 845.
65
What is the highest common factor of 143 and 77?
11
What is the greatest common factor of 36 and 292?
4
What is the highest common divisor of 22383 and 54?
27
Calculate the highest common divisor of 1196 and 260.
52
What is the highest common divisor of 91 and 21?
7
Calculate the highest common factor of 54 and 66.
6
What is the highest common divisor of 16 and 5?
1
What is the greatest common divisor of 3034 and 82?
82
What is the highest common factor of 120 and 75?
15
What is the highest common factor of 96 and 6?
6
What is the highest common factor of 30 and 78?
6
Calculate the greatest common factor of 100 and 125.
25
What is the highest common divisor of 100 and 12?
4
Calculate the highest common factor of 168 and 448.
56
What is the greatest common divisor of 1 and 53?
1
What is the highest common factor of 2500 and 12?
4
What is the greatest common factor of 80 and 860?
20
Calculate the highest common factor of 24 and 408.
24
Calculate the greatest common divisor of 1145 and 687.
229
What is the greatest common divisor of 63 and 117?
9
Calculate the greatest common divisor of 351 and 26.
13
What is the highest common factor of 83 and 13612?
83
Calculate the highest common factor of 34 and 374.
34
Calculate the greatest common divisor of 708 and 531.
177
What is the greatest common factor of 45 and 15?
15
What is the greatest common divisor of 872 and 8611?
109
Calculate the greatest common factor of 42 and 5754.
42
What is the greatest common divisor of 2376 and 66?
66
What is the highest common divisor of 1024 and 8?
8
Calculate the greatest common divisor of 899 and 62.
31
Calculate the highest common factor of 20 and 580.
20
What is the greatest common factor of 13 and 7?
1
What is the greatest common factor of 7 and 8876?
7
Calculate the greatest common divisor of 544 and 17.
17
What is the greatest common factor of 674 and 40777?
337
What is the highest common divisor of 581 and 249?
83
What is the greatest common factor of 1 and 307?
1
What is the greatest common factor of 20 and 65?
5
What is the greatest common factor of 837 and 6?
3
Calculate the highest common divisor of 900 and 18.
18
What is the greatest common divisor of 3 and 123?
3
Calculate the greatest common divisor of 34 and 221.
17
Calculate the highest common divisor of 6 and 5.
1
Calculate the highest common factor of 22632 and 207.
69
Calculate the highest common divisor of 1 and 167.
1
What is the highest common factor of 1176 and 5712?
168
What is the greatest common factor of 1565 and 5?
5
What is the highest common divisor of 43 and 1161?
43
Calculate the greatest common factor of 40 and 808.
8
What is the highest common divisor of 51 and 187?
17
What is the highest common factor of 4189 and 355?
71
What is the highest common divisor of 16 and 64?
16
What is the highest common factor of 42 and 273?
21
Calculate the greatest common factor of 363 and 462.
33
Calculate the greatest common factor of 6910 and 10.
10
What is the greatest common divisor of 61 and 1586?
61
Calculate the highest common factor of 504 and 399.
21
What is the greatest common divisor of 22 and 11077?
11
What is the greatest common factor of 12 and 996?
12
What is the highest common factor of 2738 and 259?
37
What is the highest common factor of 364 and 28?
28
Calculate the greatest common divisor of 16 and 68.
4
What is the greatest common divisor of 30 and 165?
15
Calculate the highest common factor of 106 and 477.
53
What is the greatest common divisor of 870 and 1110?
30
What is the highest common factor of 92 and 92?
92
What is the greatest common divisor of 17 and 391?
17
Calculate the greatest common divisor of 30 and 42.
6
Calculate the highest common factor of 38 and 285.
19
Calculate the highest common divisor of 5018 and 260.
26
Calculate the greatest common factor of 5461 and 645.
43
Calculate the greatest common divisor of 64 and 48.
16
Calculate the highest common factor of 105 and 483.
21
Calculate the highest common factor of 295 and 7139.
59
What is the highest common factor of 1258 and 170?
34
Calculate the greatest common divisor of 117 and 1359.
9
What is the greatest common divisor of 80 and 280?
40
What is the greatest common factor of 42 and 70?
14
Calculate the greatest common divisor of 32 and 1184.
32
Calculate the greatest common factor of 2107 and 43.
43
What is the greatest common factor of 136 and 34?
34
What is the greatest common divisor of 1508 and 6?
2
What is the greatest common divisor of 6175 and 325?
325
Calculate the greatest common factor of 84 and 56.
28
Calculate the greatest common divisor of 56 and 1512.
56
What is the highest common divisor of 4596 and 12?
12
What is the greatest common factor of 60 and 36?
12
Calculate the greatest common factor of 968 and 88.
88
Calculate the highest common divisor of 1 and 49.
1
What is the greatest common factor of 783 and 116?
29
What is the greatest common factor of 48 and 120?
24
What is the highest common factor of 276 and 12?
12
Calculate the greatest common divisor of 8808 and 8.
8
What is the greatest common factor of 21 and 77?
7
What is the greatest common divisor of 2592 and 224?
32
Calculate the greatest common divisor of 5120 and 70.
10
What is the highest common div